50?
0
What is the ten millions digit of 60906605?
6
What is the ten millions digit of 439987626?
3
What is the tens digit of 20189314?
1
What is the hundred thousands digit of 59619093?
6
What is the millions digit of 1057245059?
7
What is the hundred millions digit of 5047287283?
0
What is the millions digit of 28614411?
8
What is the ten thousands digit of 1591323368?
2
What is the ten thousands digit of 45092013?
9
What is the hundreds digit of 95290644?
6
What is the thousands digit of 133095269?
5
What is the ten thousands digit of 33868300?
6
What is the ten millions digit of 1715894404?
1
What is the hundreds digit of 222089461?
4
What is the tens digit of 202728570?
7
What is the tens digit of 89676188?
8
What is the ten millions digit of 12549638?
1
What is the hundred thousands digit of 94884994?
8
What is the hundreds digit of 46447392?
3
What is the ten millions digit of 148749173?
4
What is the ten thousands digit of 19222837?
2
What is the ten millions digit of 146171112?
4
What is the hundreds digit of 3115180?
1
What is the tens digit of 40072981?
8
What is the ten millions digit of 45212200?
4
What is the hundred millions digit of 424148266?
4
What is the hundreds digit of 3172658304?
3
What is the millions digit of 1235899750?
5
What is the ten thousands digit of 69029496?
2
What is the ten millions digit of 4796837358?
9
What is the ten thousands digit of 6518744?
1
What is the hundred millions digit of 1128067230?
1
What is the ten thousands digit of 45678578?
7
What is the hundred thousands digit of 2883551847?
5
What is the ten thousands digit of 531539002?
3
What is the hundreds digit of 1141785176?
1
What is the hundred thousands digit of 916041127?
0
What is the units digit of 731488434?
4
What is the millions digit of 68680861?
8
What is the hundred thousands digit of 966227306?
2
What is the ten thousands digit of 78890430?
9
What is the thousands digit of 88669141?
9
What is the ten thousands digit of 7568929?
6
What is the tens digit of 41036860?
6
What is the ten millions digit of 151391702?
5
What is the millions digit of 1853130752?
3
What is the ten thousands digit of 391213971?
1
What is the hundreds digit of 21190943?
9
What is the hundred thousands digit of 21999753?
9
What is the ten thousands digit of 275598897?
9
What is the billions digit of 2588488691?
2
What is the thousands digit of 5722454027?
4
What is the tens digit of 28925953?
5
What is the hundred thousands digit of 61660654?
6
What is the thousands digit of 37777697?
7
What is the ten millions digit of 1839759001?
3
What is the ten millions digit of 46056737?
4
What is the millions digit of 468640433?
8
What is the millions digit of 418431204?
8
What is the hundred thousands digit of 332003981?
0
What is the ten thousands digit of 541230480?
3
What is the thousands digit of 3257175358?
5
What is the hundred millions digit of 2962348329?
9
What is the hundred thousands digit of 16208373?
2
What is the tens digit of 57189438?
3
What is the ten thousands digit of 202573990?
7
What is the units digit of 184067454?
4
What is the tens digit of 2236409603?
0
What is the ten thousands digit of 152363414?
6
What is the hundreds digit of 18205162?
1
What is the hundred millions digit of 1916331400?
9
What is the millions digit of 68365189?
8
What is the tens digit of 67849805?
0
What is the units digit of 19433168?
8
What is the ten thousands digit of 274108927?
0
What is the tens digit of 165075244?
4
What is the ten thousands digit of 83637686?
3
What is the hundreds digit of 8639057?
0
What is the hundred millions digit of 7475068051?
4
What is the tens digit of 585470959?
5
What is the hundreds digit of 91137491?
4
What is the hundred thousands digit of 27866796?
8
What is the hundred millions digit of 2224378827?
2
What is the hundred thousands digit of 1354870851?
8
What is the hundred thousands digit of 83672145?
6
What is the ten thousands digit of 739778053?
7
What is the ten thousands digit of 35817038?
1
What is the tens digit of 151236728?
2
What is the hundred millions digit of 380661534?
3
What is the hundred thousands digit of 85635185?
6
What is the units digit of 7210205?
5
What is the hundred millions digit of 3290853704?
2
What is the hundred millions digit of 2233211593?
2
What is the thousands digit of 260524079?
4
What is the millions digit of 259010258?
9
What is the ten millions digit of 58441226?
5
What is the hundreds digit of 2429906402?
4
What is the millions digit of 1785118861?
5
What is the ten thousands digit of 23060601?
6
What is the millions digit of 88334059?
8
What is the thousands digit of 1314104999?
4
What is the ten millions digit of 447851417?
4
What is the units digit of 2290234136?
6
What is the hundreds digit of 2992039058?
0
What is the hundred thousands digit of 93069989?
0
What is the millions digit of 56460233?
6
What is the thousands digit of 263983414?
3
What is the ten thousands digit of 2340155415?
5
What is the millions digit of 253134731?
3
What is the billions digit of 3219829248?
3
What is the units digit of 84497386?
6
What is the tens digit of 2711437741?
4
What is the ten millions digit of 856111072?
5
What is the billions digit of 1249917892?
1
What is the millions digit of 1469081065?
9
What is the millions digit of 2809585985?
9
What is the ten thousands digit of 268488849?
8
What is the hundreds digit of 4980177952?
9
What is the tens digit of 3274882990?
9
What is the ten thousands digit of 2371367146?
6
What is the thousands digit of 2970609834?
9
What is the hundreds digit of 8529155?
1
What is the thousands digit of 437224853?
4
What is the millions digit of 2115878688?
5
What is the hundred thousands digit of 40314266?
3
What is the millions digit of 50748792?
0
What is the units digit of 200760994?
4
What is the thousands digit of 31646075?
6
What is the hundreds digit of 766054058?
0
What is the thousands digit of 2067466520?
6
What is the ten millions digit of 6259749111?
5
What is the hundreds digit of 159485586?
5
What is the hundreds digit of 347268828?
8
What is the units digit of 5662900846?
6
What is the tens digit of 220146021?
2
What is the ten thousands digit of 51759808?
5
What is the hundreds digit of 492141480?
4
What is the ten millions digit of 268555116?
6
What is the thousands digit of 75882799?
2
What is the hundreds digit of 74911958?
9
What is the ten thousands digit of 172205561?
0
What is the hundred thousands digit of 984360084?
3
What is the ten thousands digit of 1368296871?
9
What is the hundreds digit of 900767569?
5
What is the thousands digit of 14690164?
0
What is the ten millions digit of 667719187?
6
What is the hundred millions digit of 1348536432?
3
What is the hundred thousands digit of 32984559?
9
What is the millions digit of 1682806679?
2
What is the units digit of 17251742?
2
What is the hundred thousands digit of 6939032?
9
What is the millions digit of 77850884?
7
What is the ten millions digit of 22574590?
2
What is the hundred millions digit of 583877441?
5
What is the ten millions digit of 2471821252?
7
What is the ten millions digit of 31068578?
3
What is the tens digit of 8886299?
9
What is the hundred millions digit of 1425561079?
4
What is the hundred thousands digit of 3581401112?
4
What is the tens digit of 71904941?
4
What is the thousands digit of 84675222?
5
What is the ten millions digit of 232518413?
3
What is the units digit of 626108209?
9
What is the hundred thousands digit of 654166560?
1
What is the ten millions digit of 23889308?
2
What is the ten thousands digit of 3034891570?
9
What is the hundred millions digit of 328740794?
3
What is the hundred thousands digit of 477195863?
1
What is the units digit of 6114651044?
4
What is the hundreds digit of 98749455?
4
What is the hundreds digit of 1220969293?
2
What is the hundred millions digit of 678356492?
6
What is the hundred thousands digit of 24967111?
9
What is the hundreds digit of 105486552?
5
What is the ten thousands digit of 34215882?
1
What is the millions digit of 386237048?
6
What is the ten thousands digit of 85602770?
0
What is the hundred thousands digit of 18773600?
7
What is the hundred thousands digit of 5230228?
2
What is the thousands digit of 80179988